culate the remainder when 43823695 is divided by 270.
265
Calculate the remainder when 154050364 is divided by 874.
872
What is the remainder when 23893101 is divided by 414?
333
Calculate the remainder when 77674739 is divided by 195.
194
Calculate the remainder when 9571 is divided by 2866.
973
Calculate the remainder when 749083 is divided by 343.
314
Calculate the remainder when 4211558 is divided by 209.
208
What is the remainder when 2019712 is divided by 1009781?
150
Calculate the remainder when 1078720 is divided by 12990.
550
Calculate the remainder when 41713 is divided by 546.
217
Calculate the remainder when 1437388 is divided by 31.
11
Calculate the remainder when 429907 is divided by 3333.
3283
Calculate the remainder when 4338192 is divided by 3289.
1
What is the remainder when 1363902 is divided by 3018?
2784
Calculate the remainder when 1002033 is divided by 206.
49
Calculate the remainder when 34564579 is divided by 26.
23
What is the remainder when 1298284 is divided by 34?
28
Calculate the remainder when 10524907 is divided by 6371.
15
Calculate the remainder when 460923 is divided by 2469.
1689
What is the remainder when 1087526 is divided by 360827?
5045
Calculate the remainder when 36240617 is divided by 757.
756
Calculate the remainder when 1107092 is divided by 23.
10
Calculate the remainder when 4993179 is divided by 217.
9
What is the remainder when 3511088 is divided by 270039?
581
Calculate the remainder when 4266997 is divided by 1478.
11
What is the remainder when 66715060 is divided by 52?
48
Calculate the remainder when 441538 is divided by 351.
331
Calculate the remainder when 17796377 is divided by 174.
5
Calculate the remainder when 19379216 is divided by 227.
226
Calculate the remainder when 1032656 is divided by 103254.
116
What is the remainder when 73717 is divided by 105?
7
What is the remainder when 2700074 is divided by 695?
694
Calculate the remainder when 22173 is divided by 6362.
3087
What is the remainder when 6989835 is divided by 27?
21
Calculate the remainder when 47762 is divided by 296.
106
Calculate the remainder when 24795320 is divided by 46.
32
Calculate the remainder when 97101940 is divided by 888.
28
What is the remainder when 70901 is divided by 63408?
7493
Calculate the remainder when 2273953 is divided by 18.
13
Calculate the remainder when 46684 is divided by 7917.
7099
Calculate the remainder when 2140975 is divided by 24894.
91
Calculate the remainder when 229894 is divided by 44.
38
Calculate the remainder when 591368 is divided by 20.
8
What is the remainder when 62281 is divided by 1023?
901
What is the remainder when 6558207 is divided by 2186060?
27
Calculate the remainder when 75037813 is divided by 26.
19
What is the remainder when 16811384 is divided by 175?
9
What is the remainder when 4894551 is divided by 1631513?
12
Calculate the remainder when 869089 is divided by 76.
29
Calculate the remainder when 205874 is divided by 102719.
436
What is the remainder when 208179 is divided by 3153?
81
Calculate the remainder when 21898 is divided by 19485.
2413
What is the remainder when 139465 is divided by 34521?
1381
Calculate the remainder when 2405045 is divided by 80167.
35
Calculate the remainder when 173764 is divided by 86841.
82
Calculate the remainder when 134509 is divided by 226.
39
Calculate the remainder when 26385410 is divided by 1522.
18
Calculate the remainder when 34174674 is divided by 2521.
2519
What is the remainder when 197663948 is divided by 69?
62
What is the remainder when 285250824 is divided by 95083599?
27
Calculate the remainder when 41239 is divided by 17483.
6273
Calculate the remainder when 7847892 is divided by 3923930.
32
Calculate the remainder when 57122604 is divided by 11424516.
24
Calculate the remainder when 23617025 is divided by 763.
649
Calculate the remainder when 6630151 is divided by 4.
3
What is the remainder when 95650738 is divided by 41?
34
What is the remainder when 51679065 is divided by 1587?
1584
What is the remainder when 49034395 is divided by 133?
88
What is the remainder when 467166 is divided by 4692?
2658
Calculate the remainder when 18374222 is divided by 1970.
32
Calculate the remainder when 975563 is divided by 8198.
1
Calculate the remainder when 125270560 is divided by 62.
56
What is the remainder when 113643 is divided by 218?
65
What is the remainder when 1124461 is divided by 281030?
341
What is the remainder when 171558 is divided by 8302?
5518
What is the remainder when 20185764 is divided by 14?
4
Calculate the remainder when 222529 is divided by 6175.
229
What is the remainder when 159468 is divided by 2154?
72
Calculate the remainder when 9568937 is divided by 162.
83
Calculate the remainder when 134422 is divided by 10186.
2004
What is the remainder when 75079156 is divided by 77?
75
Calculate the remainder when 352912 is divided by 88222.
24
What is the remainder when 1624045 is divided by 85476?
1
Calculate the remainder when 7509534 is divided by 3754766.
2
Calculate the remainder when 1248298 is divided by 131.
130
Calculate the remainder when 50673 is divided by 7229.
70
What is the remainder when 5635972 is divided by 761?
6
Calculate the remainder when 2149416 is divided by 1132.
880
Calculate the remainder when 228036 is divided by 6007.
5777
What is the remainder when 7773728 is divided by 597976?
40
Calculate the remainder when 19128 is divided by 7633.
3862
Calculate the remainder when 5839267 is divided by 5839256.
11
Calculate the remainder when 1557461 is divided by 222486.
59
Calculate the remainder when 681951 is divided by 13114.
23
Calculate the remainder when 61903361 is divided by 1540.
1521
Calculate the remainder when 11380578 is divided by 2276022.
468
Calculate the remainder when 36321 is divided by 647.
89
Calculate the remainder when 6559848 is divided by 3279894.
60
What is the remainder when 74517 is divided by 377?
248
Calculate the remainder when 124931 is divided by 124895.
36
What is the remainder when 14802 is divided by 400?
2
What is the remainder when 6600570 is divided by 550036?
138
Calculate the remainder when 11294467 is divided by 1817.
1812
What is the remainder when 1354508 is divided by 249?
197
Calculate the remainder when 19428574 is divided by 25.
24
What is the remainder when 153962979 is divided by 1249?
1247
Calculate the remainder when 57930 is divided by 2237.
2005
What is the remainder when 6092116 is divided by 527?
523
Calculate the remainder when 7002409 is divided by 78.
37
What is the remainder when 5164890 is divided by 66?
60
Calculate the remainder when 1199176 is divided by 13616.
968
What is the remainder when 24828 is divided by 475?
128
Calculate the remainder when 492856 is divided by 246416.
24
Calculate the remainder when 362720 is divided by 2786.
540
What is the remainder when 1275877 is divided by 444?
265
What is the remainder when 22655 is divided by 1854?
407
Calculate the remainder when 992567 is divided by 165416.
71
Calculate the remainder when 8201262 is divided by 8201251.
11
What is the remainder when 18031158 is divided by 933?
0
What is the remainder when 2062303 is divided by 84?
19
Calculate the remainder when 1189785 is divided by 1413.
39
Calculate the remainder when 235743210 is divided by 668.
666
What is the remainder when 35227380 is divided by 11742455?
15
What is the remainder when 199581602 is divided by 6?
2
What is the remainder when 55142480 is divided by 38320?
0
Calculate the remainder when 13515347 is divided by 112.
83
Calculate the remainder when 106475 is divided by 60.
35
What is the remainder when 3284720 is divided by 28?
12
What is the remainder when 2296678 is divided by 35?
13
What is the remainder when 1965603 is divided by 701?
700
What is the remainder when 35323000 is divided by 1632?
1624
Calculate the remainder when 835396 is divided by 800.
196
What is the remainder when 118360 is divided by 1739?
108
What is the remainder when 1017812 is divided by 192?
20
What is the remainder when 29397155 is divided by 26224?
51
Calculate the remainder when 11960519 is divided by 442.
441
What is the remainder when 3361679 is divided by 1120520?
119
Calculate the remainder when 1614759 is divided by 